{"id":121,"date":"2021-09-02T22:31:18","date_gmt":"2021-09-02T20:31:18","guid":{"rendered":"https:\/\/www.msbudovatelu.cz\/?page_id=121"},"modified":"2026-04-20T08:05:41","modified_gmt":"2026-04-20T06:05:41","slug":"dokumenty","status":"publish","type":"page","link":"https:\/\/www.msbudovatelu.cz\/index.php\/dokumenty\/","title":{"rendered":"Dokumenty"},"content":{"rendered":"\n<h1>Dokumenty<\/h1>\n\n\n\n<hr class=\"wp-block-separator is-style-wide\"\/>\n\n\n\n<div class=\"wp-block-columns are-vertically-aligned-center\">\n<div class=\"wp-block-column is-vertically-aligned-center\">\n<h3 class=\"has-text-align-center\">\u0160koln\u00ed \u0159\u00e1d ke sta\u017een\u00ed zde:<\/h3>\n<\/div>\n\n\n\n<div class=\"wp-block-column\">\n<hr class=\"wp-block-separator has-text-color has-background has-black-background-color has-black-color is-style-dots\"\/>\n<\/div>\n\n\n\n<div class=\"wp-block-column is-vertically-aligned-center\">\n<p class=\"has-text-align-center has-medium-font-size\"><strong><a href=\"http:\/\/www.msbudovatelu.cz\/wp-content\/uploads\/2025\/09\/Skolni-rad-2025.pdf\">\u0160koln\u00ed \u0159\u00e1d<\/a><\/strong><\/p>\n<\/div>\n<\/div>\n\n\n\n<div class=\"wp-block-columns are-vertically-aligned-center\">\n<div class=\"wp-block-column is-vertically-aligned-center\">\n<h3 class=\"has-text-align-center\">\u0160koln\u00ed vzd\u011bl\u00e1vac\u00ed program ke sta\u017een\u00ed zde:<\/h3>\n<\/div>\n\n\n\n<div class=\"wp-block-column\">\n<hr class=\"wp-block-separator is-style-dots\"\/>\n<\/div>\n\n\n\n<div class=\"wp-block-column is-vertically-aligned-center\">\n<p class=\"has-text-align-center has-medium-font-size\"><strong><a href=\"http:\/\/www.msbudovatelu.cz\/wp-content\/uploads\/2025\/09\/Skolni_vzdelavaci_program_25-26.pdf\" target=\"_blank\" rel=\"noreferrer noopener\">\u0160koln\u00ed vzd\u011bl\u00e1vac\u00ed program<\/a><\/strong><\/p>\n<\/div>\n<\/div>\n\n\n\n<div class=\"wp-block-columns are-vertically-aligned-center\">\n<div class=\"wp-block-column is-vertically-aligned-center\">\n<h3 class=\"has-text-align-center\">Krit\u00e9ria p\u0159ijet\u00ed do M\u0160 ke sta\u017een\u00ed zde:<\/h3>\n<\/div>\n\n\n\n<div class=\"wp-block-column\">\n<hr class=\"wp-block-separator is-style-dots\"\/>\n<\/div>\n\n\n\n<div class=\"wp-block-column is-vertically-aligned-center\">\n<p class=\"has-text-align-center has-medium-font-size\"><strong><a href=\"http:\/\/www.msbudovatelu.cz\/wp-content\/uploads\/2026\/03\/Kriteria-pro-prijeti-2026-2027.pdf\" target=\"_blank\" rel=\"noreferrer noopener\">Krit\u00e9ria pro p\u0159ij\u00edm\u00e1n\u00ed d\u011bt\u00ed 2026\/2027<\/a><\/strong><\/p>\n<\/div>\n<\/div>\n\n\n\n<div class=\"wp-block-columns are-vertically-aligned-center\">\n<div class=\"wp-block-column is-vertically-aligned-center\">\n<h3 class=\"has-text-align-center\">Informace pro rodi\u010de nov\u00fdch d\u011bt\u00ed ke sta\u017een\u00ed zde:<\/h3>\n<\/div>\n\n\n\n<div class=\"wp-block-column\">\n<hr class=\"wp-block-separator is-style-dots\"\/>\n\n\n\n<p><\/p>\n<\/div>\n\n\n\n<div class=\"wp-block-column is-vertically-aligned-center\">\n<p class=\"has-text-align-center has-medium-font-size\"><strong><a href=\"http:\/\/www.msbudovatelu.cz\/wp-content\/uploads\/2021\/09\/INFORMACE-PRO-RODICE-NOVYCH-DETI.pdf\" data-type=\"URL\" data-id=\"http:\/\/www.msbudovatelu.cz\/wp-content\/uploads\/2021\/09\/INFORMACE-PRO-RODICE-NOVYCH-DETI.pdf\" target=\"_blank\" rel=\"noreferrer noopener\">Informace pro rodi\u010de nov\u00fdch d\u011bt\u00ed<\/a><\/strong><\/p>\n<\/div>\n<\/div>\n\n\n\n<div class=\"wp-block-columns are-vertically-aligned-center\">\n<div class=\"wp-block-column is-vertically-aligned-center\">\n<h3 class=\"has-text-align-center\">P\u0159ihl\u00e1\u0161ka do M\u0160 ke sta\u017een\u00ed zde:<\/h3>\n<\/div>\n\n\n\n<div class=\"wp-block-column\">\n<hr class=\"wp-block-separator is-style-dots\"\/>\n<\/div>\n\n\n\n<div class=\"wp-block-column is-vertically-aligned-center\">\n<p class=\"has-text-align-center has-medium-font-size\"><strong><a href=\"http:\/\/www.msbudovatelu.cz\/wp-content\/uploads\/2026\/03\/ZADOST-O-PRIJETI-DITETE-DO-MS-26-27.pdf\" target=\"_blank\" rel=\"noreferrer noopener\">\u017d\u00e1dost o p\u0159ijet\u00ed d\u00edt\u011bte 2026\/2027<\/a><\/strong><\/p>\n<\/div>\n<\/div>\n\n\n\n<div class=\"wp-block-columns are-vertically-aligned-center\">\n<div class=\"wp-block-column is-vertically-aligned-center\">\n<h3 class=\"has-text-align-center\">Informace pro rodi\u010de 25 ke sta\u017een\u00ed zde: <\/h3>\n\n\n\n<p><\/p>\n<\/div>\n\n\n\n<div class=\"wp-block-column\">\n<hr class=\"wp-block-separator is-style-dots\"\/>\n<\/div>\n\n\n\n<div class=\"wp-block-column is-vertically-aligned-center\">\n<p class=\"has-text-align-center has-medium-font-size\"><strong><a href=\"http:\/\/www.msbudovatelu.cz\/wp-content\/uploads\/2025\/08\/Informace-pro-rodice-2025.pdf\" target=\"_blank\" rel=\"noreferrer noopener\">Informace pro rodi\u010de<\/a><\/strong><\/p>\n<\/div>\n<\/div>\n\n\n\n<div class=\"wp-block-columns are-vertically-aligned-center\">\n<div class=\"wp-block-column is-vertically-aligned-center\">\n<h3 class=\"has-text-align-center\">Vnit\u0159n\u00ed \u0159\u00e1d \u0161koln\u00ed j\u00eddelny ke sta\u017een\u00ed zde: <\/h3>\n<\/div>\n\n\n\n<div class=\"wp-block-column\">\n<hr class=\"wp-block-separator is-style-dots\"\/>\n<\/div>\n\n\n\n<div class=\"wp-block-column is-vertically-aligned-center\">\n<p class=\"has-text-align-center has-medium-font-size\"><strong><a href=\"http:\/\/www.msbudovatelu.cz\/wp-content\/uploads\/2025\/09\/Vnitrni-rad-SJ-2025-26.pdf\" target=\"_blank\" rel=\"noreferrer noopener\">Vnit\u0159n\u00ed \u0159ad \u0161koln\u00ed j\u00eddelny<\/a><\/strong><\/p>\n<\/div>\n<\/div>\n\n\n\n<div class=\"wp-block-columns are-vertically-aligned-center\">\n<div class=\"wp-block-column is-vertically-aligned-center\">\n<h3 class=\"has-text-align-center\">Organiza\u010dn\u00ed \u0159\u00e1d ke sta\u017een\u00ed zde: <\/h3>\n\n\n\n<p><\/p>\n<\/div>\n\n\n\n<div class=\"wp-block-column\">\n<hr class=\"wp-block-separator is-style-dots\"\/>\n<\/div>\n\n\n\n<div class=\"wp-block-column is-vertically-aligned-center\">\n<p class=\"has-text-align-center has-medium-font-size\"><strong><a href=\"http:\/\/www.msbudovatelu.cz\/wp-content\/uploads\/2025\/09\/Organizacni-rad-1.9.2025.pdf\" target=\"_blank\" rel=\"noreferrer noopener\">Organiza\u010dn\u00ed \u0159\u00e1d<\/a><\/strong><\/p>\n<\/div>\n<\/div>\n\n\n\n<div class=\"wp-block-columns are-vertically-aligned-center\">\n<div class=\"wp-block-column is-vertically-aligned-center\">\n<h3 class=\"has-text-align-center\">\u017d\u00e1dost o ukon\u010den\u00ed p\u0159ed\u0161koln\u00edho vzd\u011bl\u00e1v\u00e1n\u00ed<\/h3>\n\n\n\n<p><\/p>\n<\/div>\n\n\n\n<div class=\"wp-block-column\">\n<hr class=\"wp-block-separator is-style-dots\"\/>\n<\/div>\n\n\n\n<div class=\"wp-block-column is-vertically-aligned-center\">\n<p class=\"has-text-align-center has-medium-font-size\"><strong><a href=\"http:\/\/www.msbudovatelu.cz\/wp-content\/uploads\/2024\/10\/Zadost-o-ukonceni-predskolniho-vzdelavani.pdf\" target=\"_blank\" rel=\"noreferrer noopener\">\u017d\u00e1dost<\/a><\/strong><\/p>\n<\/div>\n<\/div>\n\n\n\n<div class=\"wp-block-columns are-vertically-aligned-center\">\n<div class=\"wp-block-column is-vertically-aligned-center\">\n<h3 class=\"has-text-align-center\">M\u016fj den ve \u0161kolce Budovatel\u016f<\/h3>\n\n\n\n<p><\/p>\n<\/div>\n\n\n\n<div class=\"wp-block-column\">\n<hr class=\"wp-block-separator is-style-dots\"\/>\n<\/div>\n\n\n\n<div class=\"wp-block-column is-vertically-aligned-center\">\n<p class=\"has-text-align-center has-medium-font-size\"><a href=\"http:\/\/www.msbudovatelu.cz\/wp-content\/uploads\/2026\/04\/Muj-den-ve-skolce-Budovatelu.pdf\" target=\"_blank\" rel=\"noreferrer noopener\">M\u016fj den ve \u0161kolce Budovatel\u016f<\/a><\/p>\n<\/div>\n<\/div>\n\n\n\n<p><\/p>\n","protected":false},"excerpt":{"rendered":"<p>Dokumenty \u0160koln\u00ed \u0159\u00e1d ke sta\u017een\u00ed zde: \u0160koln\u00ed \u0159\u00e1d \u0160koln\u00ed vzd\u011bl\u00e1vac\u00ed program ke sta\u017een\u00ed zde: \u0160koln\u00ed vzd\u011bl\u00e1vac\u00ed program Krit\u00e9ria p\u0159ijet\u00ed do M\u0160 ke sta\u017een\u00ed zde: Krit\u00e9ria pro p\u0159ij\u00edm\u00e1n\u00ed d\u011bt\u00ed 2026\/2027 Informace pro rodi\u010de nov\u00fdch d\u011bt\u00ed ke sta\u017een\u00ed zde: Informace pro rodi\u010de nov\u00fdch d\u011bt\u00ed P\u0159ihl\u00e1\u0161ka do M\u0160 ke sta\u017een\u00ed zde: \u017d\u00e1dost o p\u0159ijet\u00ed d\u00edt\u011bte 2026\/2027 Informace pro [&hellip;]<\/p>\n","protected":false},"author":1,"featured_media":0,"parent":0,"menu_order":0,"comment_status":"closed","ping_status":"closed","template":"","meta":[],"yoast_head":"<!-- This site is optimized with the Yoast SEO plugin v19.4 - https:\/\/yoast.com\/wordpress\/plugins\/seo\/ -->\n<title>Dokumenty - msbudovatelu.cz<\/title>\n<meta name=\"robots\" content=\"index, follow, max-snippet:-1, max-image-preview:large, max-video-preview:-1\" \/>\n<link rel=\"canonical\" href=\"https:\/\/www.msbudovatelu.cz\/index.php\/dokumenty\/\" \/>\n<meta property=\"og:locale\" content=\"cs_CZ\" \/>\n<meta property=\"og:type\" content=\"article\" \/>\n<meta property=\"og:title\" content=\"Dokumenty - msbudovatelu.cz\" \/>\n<meta property=\"og:description\" content=\"Dokumenty \u0160koln\u00ed \u0159\u00e1d ke sta\u017een\u00ed zde: \u0160koln\u00ed \u0159\u00e1d \u0160koln\u00ed vzd\u011bl\u00e1vac\u00ed program ke sta\u017een\u00ed zde: \u0160koln\u00ed vzd\u011bl\u00e1vac\u00ed program Krit\u00e9ria p\u0159ijet\u00ed do M\u0160 ke sta\u017een\u00ed zde: Krit\u00e9ria pro p\u0159ij\u00edm\u00e1n\u00ed d\u011bt\u00ed 2026\/2027 Informace pro rodi\u010de nov\u00fdch d\u011bt\u00ed ke sta\u017een\u00ed zde: Informace pro rodi\u010de nov\u00fdch d\u011bt\u00ed P\u0159ihl\u00e1\u0161ka do M\u0160 ke sta\u017een\u00ed zde: \u017d\u00e1dost o p\u0159ijet\u00ed d\u00edt\u011bte 2026\/2027 Informace pro [&hellip;]\" \/>\n<meta property=\"og:url\" content=\"https:\/\/www.msbudovatelu.cz\/index.php\/dokumenty\/\" \/>\n<meta property=\"og:site_name\" content=\"msbudovatelu.cz\" \/>\n<meta property=\"article:publisher\" content=\"https:\/\/www.facebook.com\/MS.Budovatelu\" \/>\n<meta property=\"article:modified_time\" content=\"2026-04-20T06:05:41+00:00\" \/>\n<meta property=\"og:image\" content=\"https:\/\/www.msbudovatelu.cz\/wp-content\/uploads\/2021\/08\/logoMSBudovatelu.png\" \/>\n\t<meta property=\"og:image:width\" content=\"940\" \/>\n\t<meta property=\"og:image:height\" content=\"941\" \/>\n\t<meta property=\"og:image:type\" content=\"image\/png\" \/>\n<meta name=\"twitter:card\" content=\"summary_large_image\" \/>\n<meta name=\"twitter:label1\" content=\"Odhadovan\u00e1 doba \u010dten\u00ed\" \/>\n\t<meta name=\"twitter:data1\" content=\"1 minuta\" \/>\n<script type=\"application\/ld+json\" class=\"yoast-schema-graph\">{\"@context\":\"https:\/\/schema.org\",\"@graph\":[{\"@type\":\"Organization\",\"@id\":\"https:\/\/www.msbudovatelu.cz\/#organization\",\"name\":\"Mate\u0159sk\u00e1 \u0161kola Budovatel\u016f Hlinsko\",\"url\":\"https:\/\/www.msbudovatelu.cz\/\",\"sameAs\":[\"https:\/\/www.facebook.com\/MS.Budovatelu\"],\"logo\":{\"@type\":\"ImageObject\",\"inLanguage\":\"cs\",\"@id\":\"https:\/\/www.msbudovatelu.cz\/#\/schema\/logo\/image\/\",\"url\":\"https:\/\/www.msbudovatelu.cz\/wp-content\/uploads\/2021\/08\/logoMSBudovatelu.png\",\"contentUrl\":\"https:\/\/www.msbudovatelu.cz\/wp-content\/uploads\/2021\/08\/logoMSBudovatelu.png\",\"width\":940,\"height\":941,\"caption\":\"Mate\u0159sk\u00e1 \u0161kola Budovatel\u016f Hlinsko\"},\"image\":{\"@id\":\"https:\/\/www.msbudovatelu.cz\/#\/schema\/logo\/image\/\"}},{\"@type\":\"WebSite\",\"@id\":\"https:\/\/www.msbudovatelu.cz\/#website\",\"url\":\"https:\/\/www.msbudovatelu.cz\/\",\"name\":\"msbudovatelu.cz\",\"description\":\"Web mate\u0159sk\u00e9 \u0161koly budovatel\u016f v Hlinsku\",\"publisher\":{\"@id\":\"https:\/\/www.msbudovatelu.cz\/#organization\"},\"potentialAction\":[{\"@type\":\"SearchAction\",\"target\":{\"@type\":\"EntryPoint\",\"urlTemplate\":\"https:\/\/www.msbudovatelu.cz\/?s={search_term_string}\"},\"query-input\":\"required name=search_term_string\"}],\"inLanguage\":\"cs\"},{\"@type\":\"WebPage\",\"@id\":\"https:\/\/www.msbudovatelu.cz\/index.php\/dokumenty\/\",\"url\":\"https:\/\/www.msbudovatelu.cz\/index.php\/dokumenty\/\",\"name\":\"Dokumenty - msbudovatelu.cz\",\"isPartOf\":{\"@id\":\"https:\/\/www.msbudovatelu.cz\/#website\"},\"datePublished\":\"2021-09-02T20:31:18+00:00\",\"dateModified\":\"2026-04-20T06:05:41+00:00\",\"breadcrumb\":{\"@id\":\"https:\/\/www.msbudovatelu.cz\/index.php\/dokumenty\/#breadcrumb\"},\"inLanguage\":\"cs\",\"potentialAction\":[{\"@type\":\"ReadAction\",\"target\":[\"https:\/\/www.msbudovatelu.cz\/index.php\/dokumenty\/\"]}]},{\"@type\":\"BreadcrumbList\",\"@id\":\"https:\/\/www.msbudovatelu.cz\/index.php\/dokumenty\/#breadcrumb\",\"itemListElement\":[{\"@type\":\"ListItem\",\"position\":1,\"name\":\"Dom\u016f\",\"item\":\"https:\/\/www.msbudovatelu.cz\/\"},{\"@type\":\"ListItem\",\"position\":2,\"name\":\"Dokumenty\"}]}]}<\/script>\n<!-- \/ Yoast SEO plugin. -->","yoast_head_json":{"title":"Dokumenty - msbudovatelu.cz","robots":{"index":"index","follow":"follow","max-snippet":"max-snippet:-1","max-image-preview":"max-image-preview:large","max-video-preview":"max-video-preview:-1"},"canonical":"https:\/\/www.msbudovatelu.cz\/index.php\/dokumenty\/","og_locale":"cs_CZ","og_type":"article","og_title":"Dokumenty - msbudovatelu.cz","og_description":"Dokumenty \u0160koln\u00ed \u0159\u00e1d ke sta\u017een\u00ed zde: \u0160koln\u00ed \u0159\u00e1d \u0160koln\u00ed vzd\u011bl\u00e1vac\u00ed program ke sta\u017een\u00ed zde: \u0160koln\u00ed vzd\u011bl\u00e1vac\u00ed program Krit\u00e9ria p\u0159ijet\u00ed do M\u0160 ke sta\u017een\u00ed zde: Krit\u00e9ria pro p\u0159ij\u00edm\u00e1n\u00ed d\u011bt\u00ed 2026\/2027 Informace pro rodi\u010de nov\u00fdch d\u011bt\u00ed ke sta\u017een\u00ed zde: Informace pro rodi\u010de nov\u00fdch d\u011bt\u00ed P\u0159ihl\u00e1\u0161ka do M\u0160 ke sta\u017een\u00ed zde: \u017d\u00e1dost o p\u0159ijet\u00ed d\u00edt\u011bte 2026\/2027 Informace pro [&hellip;]","og_url":"https:\/\/www.msbudovatelu.cz\/index.php\/dokumenty\/","og_site_name":"msbudovatelu.cz","article_publisher":"https:\/\/www.facebook.com\/MS.Budovatelu","article_modified_time":"2026-04-20T06:05:41+00:00","og_image":[{"width":940,"height":941,"url":"https:\/\/www.msbudovatelu.cz\/wp-content\/uploads\/2021\/08\/logoMSBudovatelu.png","type":"image\/png"}],"twitter_card":"summary_large_image","twitter_misc":{"Odhadovan\u00e1 doba \u010dten\u00ed":"1 minuta"},"schema":{"@context":"https:\/\/schema.org","@graph":[{"@type":"Organization","@id":"https:\/\/www.msbudovatelu.cz\/#organization","name":"Mate\u0159sk\u00e1 \u0161kola Budovatel\u016f Hlinsko","url":"https:\/\/www.msbudovatelu.cz\/","sameAs":["https:\/\/www.facebook.com\/MS.Budovatelu"],"logo":{"@type":"ImageObject","inLanguage":"cs","@id":"https:\/\/www.msbudovatelu.cz\/#\/schema\/logo\/image\/","url":"https:\/\/www.msbudovatelu.cz\/wp-content\/uploads\/2021\/08\/logoMSBudovatelu.png","contentUrl":"https:\/\/www.msbudovatelu.cz\/wp-content\/uploads\/2021\/08\/logoMSBudovatelu.png","width":940,"height":941,"caption":"Mate\u0159sk\u00e1 \u0161kola Budovatel\u016f Hlinsko"},"image":{"@id":"https:\/\/www.msbudovatelu.cz\/#\/schema\/logo\/image\/"}},{"@type":"WebSite","@id":"https:\/\/www.msbudovatelu.cz\/#website","url":"https:\/\/www.msbudovatelu.cz\/","name":"msbudovatelu.cz","description":"Web mate\u0159sk\u00e9 \u0161koly budovatel\u016f v Hlinsku","publisher":{"@id":"https:\/\/www.msbudovatelu.cz\/#organization"},"potentialAction":[{"@type":"SearchAction","target":{"@type":"EntryPoint","urlTemplate":"https:\/\/www.msbudovatelu.cz\/?s={search_term_string}"},"query-input":"required name=search_term_string"}],"inLanguage":"cs"},{"@type":"WebPage","@id":"https:\/\/www.msbudovatelu.cz\/index.php\/dokumenty\/","url":"https:\/\/www.msbudovatelu.cz\/index.php\/dokumenty\/","name":"Dokumenty - msbudovatelu.cz","isPartOf":{"@id":"https:\/\/www.msbudovatelu.cz\/#website"},"datePublished":"2021-09-02T20:31:18+00:00","dateModified":"2026-04-20T06:05:41+00:00","breadcrumb":{"@id":"https:\/\/www.msbudovatelu.cz\/index.php\/dokumenty\/#breadcrumb"},"inLanguage":"cs","potentialAction":[{"@type":"ReadAction","target":["https:\/\/www.msbudovatelu.cz\/index.php\/dokumenty\/"]}]},{"@type":"BreadcrumbList","@id":"https:\/\/www.msbudovatelu.cz\/index.php\/dokumenty\/#breadcrumb","itemListElement":[{"@type":"ListItem","position":1,"name":"Dom\u016f","item":"https:\/\/www.msbudovatelu.cz\/"},{"@type":"ListItem","position":2,"name":"Dokumenty"}]}]}},"_links":{"self":[{"href":"https:\/\/www.msbudovatelu.cz\/index.php\/wp-json\/wp\/v2\/pages\/121"}],"collection":[{"href":"https:\/\/www.msbudovatelu.cz\/index.php\/wp-json\/wp\/v2\/pages"}],"about":[{"href":"https:\/\/www.msbudovatelu.cz\/index.php\/wp-json\/wp\/v2\/types\/page"}],"author":[{"embeddable":true,"href":"https:\/\/www.msbudovatelu.cz\/index.php\/wp-json\/wp\/v2\/users\/1"}],"replies":[{"embeddable":true,"href":"https:\/\/www.msbudovatelu.cz\/index.php\/wp-json\/wp\/v2\/comments?post=121"}],"version-history":[{"count":55,"href":"https:\/\/www.msbudovatelu.cz\/index.php\/wp-json\/wp\/v2\/pages\/121\/revisions"}],"predecessor-version":[{"id":1231,"href":"https:\/\/www.msbudovatelu.cz\/index.php\/wp-json\/wp\/v2\/pages\/121\/revisions\/1231"}],"wp:attachment":[{"href":"https:\/\/www.msbudovatelu.cz\/index.php\/wp-json\/wp\/v2\/media?parent=121"}],"curies":[{"name":"wp","href":"https:\/\/api.w.org\/{rel}","templated":true}]}}